t x(h) = h**2 + 6*h + 3. Let t be x(y). What is the highest common divisor of t and 80?
10
Let a = 33 + -8. Suppose -4*g = 3*c - 3, a = -c + 3*c - 5*g. Suppose 0*d - c = -d, -27 = -2*j - 3*d. Calculate the highest common divisor of 15 and j.
3
Let c(m) = -m**3 + 10*m**2 + 2*m - 15. Let f be c(10). Suppose 0 = p - 4*p + 105. What is the highest common factor of p and f?
5
Suppose -312 = -3*z - 0*z. Let h = 192 - z. Calculate the greatest common factor of h and 11.
11
Suppose 2*k - 60 = -2*k. Suppose -2*p - 3*f + k = -0*p, 4*f = -4*p + 24. Let q = -30 + 33. What is the highest common factor of q and p?
3
Suppose 0 = -2*i + 5*k + 37, 2*i + 18 = 3*i - 3*k. Let f(s) = 5*s - 57. Let o be f(12). Calculate the highest common factor of i and o.
3
Let l = 2 + 3. Calculate the greatest common divisor of 35 and l.
5
Suppose 0 = -j - j + 2, -d - 1 = -3*j. Suppose 5*c = 3*c + d. Calculate the greatest common divisor of 3 and c.
1
Suppose 2*w = 5*m - 76, 0*w = -5*w + 10. Suppose -l - m = -5*l. What is the highest common factor of 44 and l?
4
Suppose 0*j - j - 12 = 4*m, 4*m - 4*j + 12 = 0. Let s = m - -4. Let b(l) = 55*l. Let c be b(s). Calculate the highest common divisor of 22 and c.
11
Suppose 6 = 4*d - 6. Let i(s) = s**2 - s - 3. Let b be i(-2). Calculate the highest common divisor of d and b.
3
Let f(c) = 2*c + 2. Let d be f(4). Let t = 130 + -80. What is the highest common factor of t and d?
10
Suppose 2*s = -2*s + 8. Let l be (s*3)/(5 - 3). Suppose 2*w + 70 = k + 255, -3*w = l*k - 255. Calculate the highest common divisor of 36 and w.
18
Let i = -44 + 69. What is the highest common factor of i and 275?
25
Let l = -68 + 113. What is the highest common divisor of 30 and l?
15
Let q(c) = c**2 - 11*c + 8. Let u be q(11). Calculate the highest common factor of u and 56.
8
Let d = 125 - 98. What is the highest common divisor of 9 and d?
9
Let r be 3 + 0/2 + 57. Let f(s) = -4*s - 1. Let c be f(-4). What is the greatest common divisor of c and r?
15
Suppose -2*n - 34 = -4*n. Calculate the highest common divisor of n and 51.
17
Suppose 0*w = 5*w + 15. Let c be (w/(-9))/((-1)/33). Let n = c - -22. What is the greatest common divisor of 11 and n?
11
Let l = 15 + -13. Calculate the highest common divisor of 14 and l.
2
Let s(g) = 7*g - 2. Let a be s(-6). Let t = -24 - a. What is the highest common factor of t and 8?
4
Let y = 40 - 27. What is the greatest common factor of y and 65?
13
Let k be (-3)/((-45)/20 - -2). What is the greatest common factor of 12 and k?
12
Suppose 4*x - 98 = -5*c, -2*c = 2*c - 2*x - 68. What is the highest common divisor of 2 and c?
2
Suppose -120 = -3*h + 42. Suppose -q - 22 = -2*i, 0 = -2*i - 3*q + h - 16. What is the greatest common factor of 91 and i?
13
Let v(w) be the third derivative of 0 + 0*w - 2*w**2 + 1/24*w**4 - 1/2*w**3. Let j be v(6). Calculate the greatest common factor of 1 and j.
1
Let r = 0 + 3. Suppose -318 + 945 = r*q. Calculate the greatest common factor of q and 19.
19
Suppose -3*m + 133 = 3*a - 26, -m = 4*a - 197. Suppose -4 = -3*z + 5*r, 0*r + a = 5*z + 2*r. Let b = 11 + z. Calculate the highest common divisor of b and 133.
19
Let n be 92/28 + (-8)/28. What is the greatest common divisor of n and 3?
3
Suppose -3*x + 5*p + 27 = 0, 0 = 2*x - 4*p + 12 - 28. Calculate the highest common divisor of 14 and x.
14
Let u(o) = o**3 - o**2 - o + 2. Let w be u(0). Calculate the highest common factor of 4 and w.
2
Suppose -98 + 458 = 3*r - q, 3*r - 2*q - 360 = 0. What is the highest common divisor of r and 45?
15
Let l(n) = n + 11. Let b be l(0). What is the greatest common divisor of b and 22?
11
Suppose -22 = 4*s - 9*s + 4*y, 4*s - 4*y = 20. Let m be (3 + -3)/(3 - 1). Suppose -b + 2*b - 4 = m. What is the greatest common factor of b and s?
2
Let p be (5*1)/((-2)/(-30)). Let a = -15 - -19. Let r(y) = 8*y - 2. Let b be r(a). What is the greatest common factor of b and p?
15
Let s be 1*220 - (-6 + 1). Calculate the greatest common divisor of s and 25.
25
Suppose -4*a = a + 10. Let z be -2 + (2 - (a + 2)). Suppose 3*g - 102 = -z*g. What is the highest common factor of 85 and g?
17
Let h = 143 + -140. Calculate the greatest common divisor of h and 9.
3
Let z be ((-21)/9 + 1)*-3. Suppose 4*d + 2*x = 66, -7 - z = -d + 5*x. What is the highest common divisor of d and 64?
16
Suppose l = -3*l + 396. Suppose -3*m + 9 = -18. Calculate the greatest common factor of m and l.
9
Let z be (-195)/(-21) - (-4)/(-14). Let r = -5 - -7. Let f(n) = n**3 - 2*n**2 + n - 1. Let l be f(r). Calculate the highest common divisor of l and z.
1
Suppose 2*d + 5*v + 129 = 6*d, -168 = -5*d + 4*v. Suppose 0 = 5*g - 0*a + 5*a - 50, g - 4*a = 20. What is the greatest common factor of d and g?
12
Let o(k) = -6*k - 12. Let j be o(-7). What is the highest common divisor of 3 and j?
3
Let z = 8 + -10. Let c be (-30)/25*15/z. What is the highest common factor of c and 9?
9
Let i(r) = 10 - r - r**3 - 3*r**2 + 2*r**3 + 2*r**2 + 2. Let y be i(0). What is the highest common factor of 8 and y?
4
Let y(g) = -4*g + 1. Let a be y(-6). Calculate the highest common divisor of 50 and a.
25
Suppose -4*x = 4 + 8, -5*x = h - 25. Let f be (224/h)/((-2)/(-5)). Calculate the highest common divisor of 126 and f.
14
Suppose -4*v + v - 5*j = -115, j = -v + 35. What is the highest common divisor of v and 6?
6
Let s be -1 - 66/(-2) - 2. Calculate the greatest common factor of 6 and s.
6
Let p(q) = q**3 + 11*q**2 - 18*q - 28. Let s be p(-12). Calculate the greatest common factor of 8 and s.
4
Suppose -3*t = 4*b + 3, -4*b - 15 = -2*t - b. Calculate the highest common factor of 6 and t.
3
Suppose k = -k + 88. Let f be ((-66)/10)/((-14)/140). What is the highest common divisor of f and k?
22
Let k = 11 + -7. Suppose -4*j = -13 + 5. Suppose j*a = 2*f - 0*f + 10, 2 = a - k*f. What is the greatest common factor of a and 24?
6
Let g = 10 - 9. Calculate the greatest common factor of g and 2.
1
Suppose 38 + 26 = 4*j. Suppose -j = -4*k + 2*k. Suppose -52 - k = -5*a. Calculate the highest common factor of a and 84.
12
Let l = 84 - 27. Let z = 835 - 816. Calculate the greatest common factor of z and l.
19
Let z(p) = 2*p + 15. Let r be z(4). Calculate the greatest common factor of 92 and r.
23
Suppose 38 = 15*b - 13*b. Calculate the greatest common factor of 133 and b.
19
Let g = -83 - -146. Suppose -u - z + 18 = 3*z, -u + 2*z = -18. Suppose -2*a = -0*a - u. What is the greatest common factor of a and g?
9
Suppose 2*m - 565 = 3*h, 4*m - 598 = -4*h + 482. What is the greatest common divisor of 25 and m?
25
Let d(s) = -5*s + 4. Let o be d(-4). Let x = 150 - 54. What is the greatest common factor of x and o?
24
Let z = 2 + 2. Suppose 28 = 2*y + z. Suppose 0 = 6*l - l - 30. Calculate the greatest common factor of l and y.
6
Suppose 5*c = -5*r + 350, -c - c = 0. Suppose r = -3*o + 367. Let l(i) = i + 3. Let w be l(8). Calculate the greatest common factor of w and o.
11
Let n(l) = 5*l - 18. Let w be n(9). Calculate the highest common divisor of w and 3.
3
Let o be 2 + -1 + 6 - 0. Let z = 9 - o. Suppose 5*c + 20 = z*k, 2*k = 3*c + c + 18. Calculate the greatest common factor of k and 35.
5
Let r = -4 + 4. Suppose -3*k + 5*k - 64 = r. What is the greatest common factor of k and 16?
16
Let i(h) = h**2 - 3*h - 5. Let v be i(4). Let a = 2 + v. What is the highest common divisor of 9 and a?
1
Suppose -n - 54 = n. Let b = n - -104. What is the highest common factor of 11 and b?
11
Suppose 0 = -2*g - 2*u + 6*u + 18, -g = -5*u + 6. Let n(d) = -d**2 + 14*d - 21. Let w be n(10). What is the greatest common factor of w and g?
19
Suppose 2*i - 16 - 20 = 0. Let f be (-1)/(-1)*(22 - 2). Let u = f - -25. What is the highest common divisor of u and i?
9
Suppose 4*n + 5*a = -12, 0*n - n = 5*a + 18. Calculate the highest common divisor of n and 22.
2
Suppose -8*o + 528 = -0*o. What is the highest common factor of o and 22?
22
Let p(n) = -n**2 - 13*n - 15. Let y be p(-4). What is the greatest common divisor of 21 and y?
21
Let q(n) = 4*n + 3. Let r be q(3). Suppose -3*s + 39 = -r. Calculate the highest common factor of s and 12.
6
Let d(a) = 4*a + 1. Let w be d(4). Suppose -28 = 2*t + t + 5*v, -3*v = -5*t + 10. Let c = 18 + t. Calculate the highest common divisor of w and c.
17
Let d = -7 + 12. Suppose 0 = -3*y + 13 + d. Ca